hat are the prime factors of 5183165?
5, 13, 23, 3467
List the prime factors of 4680996.
2, 3, 390083
List the prime factors of 1467248.
2, 91703
List the prime factors of 188972.
2, 7, 17, 397
What are the prime factors of 1484019?
3, 181, 911
List the prime factors of 4601115.
3, 5, 59, 1733
List the prime factors of 19381721.
521, 37201
What are the prime factors of 564495?
3, 5, 37633
What are the prime factors of 2270274?
2, 3, 378379
List the prime factors of 10104033.
3, 3368011
What are the prime factors of 174672?
2, 3, 1213
List the prime factors of 7742774.
2, 13, 193, 1543
What are the prime factors of 9306195?
3, 5, 620413
List the prime factors of 4631975.
5, 41, 4519
List the prime factors of 2412131.
2412131
List the prime factors of 4329012.
2, 3, 71, 5081
List the prime factors of 4717129.
1429, 3301
List the prime factors of 3883782.
2, 3, 7, 89, 1039
What are the prime factors of 1192444?
2, 11, 41, 661
List the prime factors of 664963.
13, 51151
What are the prime factors of 109235?
5, 7, 3121
What are the prime factors of 1192373?
7, 13, 13103
List the prime factors of 6850451.
6850451
List the prime factors of 465628.
2, 59, 1973
What are the prime factors of 3948713?
19, 61, 3407
What are the prime factors of 1216851?
3, 587, 691
What are the prime factors of 215296?
2, 29
What are the prime factors of 1887743?
11, 13, 43, 307
List the prime factors of 707509.
11, 64319
What are the prime factors of 1437776?
2, 23, 3907
List the prime factors of 452610.
2, 3, 5, 47, 107
List the prime factors of 1245250.
2, 5, 17, 293
What are the prime factors of 9156771?
3, 13, 61, 1283
List the prime factors of 180480.
2, 3, 5, 47
List the prime factors of 28216027.
7, 47, 139, 617
What are the prime factors of 3285854?
2, 11, 13, 11489
What are the prime factors of 989727?
3, 103, 3203
List the prime factors of 618839.
13, 181, 263
What are the prime factors of 278929?
7, 39847
What are the prime factors of 651756?
2, 3, 7, 7759
What are the prime factors of 1542939?
3, 514313
What are the prime factors of 3674004?
2, 3, 306167
List the prime factors of 510355.
5, 102071
What are the prime factors of 2893808?
2, 17, 10639
What are the prime factors of 7158962?
2, 3579481
What are the prime factors of 93797?
11, 8527
What are the prime factors of 901122?
2, 3, 101, 1487
What are the prime factors of 476967?
3, 37, 4297
What are the prime factors of 61447?
43, 1429
What are the prime factors of 600046?
2, 300023
What are the prime factors of 1228540?
2, 5, 19, 53, 61
What are the prime factors of 23019784?
2, 2877473
What are the prime factors of 1601469?
3, 107, 1663
What are the prime factors of 8261729?
7, 1180247
List the prime factors of 908576.
2, 28393
What are the prime factors of 233389?
13, 1381
What are the prime factors of 21745386?
2, 3, 13, 19, 67, 73
List the prime factors of 1575401.
1575401
List the prime factors of 57881.
57881
List the prime factors of 145963.
145963
List the prime factors of 110727.
3, 1367
List the prime factors of 3448912.
2, 29, 7433
List the prime factors of 20798209.
20798209
List the prime factors of 775485.
3, 5, 19, 907
List the prime factors of 490166.
2, 245083
List the prime factors of 267961.
267961
What are the prime factors of 507771?
3, 11, 23, 223
What are the prime factors of 800084?
2, 139, 1439
What are the prime factors of 23315640?
2, 3, 5, 331, 587
What are the prime factors of 8814121?
8814121
What are the prime factors of 19254?
2, 3, 3209
What are the prime factors of 883980?
2, 3, 5, 1637
List the prime factors of 976375.
5, 73, 107
What are the prime factors of 193879?
7, 27697
What are the prime factors of 234552?
2, 3, 29, 337
What are the prime factors of 271888?
2, 16993
List the prime factors of 10849258.
2, 7, 499, 1553
List the prime factors of 3412081.
103, 157, 211
List the prime factors of 1713970.
2, 5, 101, 1697
List the prime factors of 608290.
2, 5, 59, 1031
List the prime factors of 147980.
2, 5, 7, 151
List the prime factors of 1925533.
1925533
List the prime factors of 14614286.
2, 41, 178223
List the prime factors of 108971.
108971
What are the prime factors of 1553071?
13, 193, 619
What are the prime factors of 85084?
2, 89, 239
What are the prime factors of 170159?
11, 31, 499
List the prime factors of 1397827.
47, 29741
What are the prime factors of 219309?
3, 41, 1783
What are the prime factors of 298787?
29, 10303
What are the prime factors of 227244?
2, 3, 29, 653
What are the prime factors of 1252770?
2, 3, 5, 41759
List the prime factors of 4560687.
3, 506743
List the prime factors of 15636447.
3, 17, 102199
What are the prime factors of 22670242?
2, 7, 4721
What are the prime factors of 84317?
84317
List the prime factors of 8685421.
23, 89, 4243
List the prime factors of 6881853.
3, 11, 23, 9067
What are the prime factors of 3576626?
2, 1788313
List the prime factors of 408759.
3, 13, 47, 223
What are the prime factors of 1474096?
2, 13, 19, 373
List the prime factors of 7113469.
11, 58789
What are the prime factors of 5654328?
2, 3, 43, 5479
List the prime factors of 829332.
2, 3, 7, 1097
What are the prime factors of 3434191?
239, 14369
What are the prime factors of 29605962?
2, 3, 4934327
What are the prime factors of 1238301?
3, 45863
What are the prime factors of 155681?
151, 1031
What are the prime factors of 94479?
3, 7, 11, 409
List the prime factors of 1209063.
3, 467, 863
What are the prime factors of 4704314?
2, 2352157
List the prime factors of 18934596.
2, 3, 525961
List the prime factors of 1650350.
2, 5, 13, 2539
What are the prime factors of 1418070?
2, 3, 5, 47269
What are the prime factors of 622283?
79, 7877
List the prime factors of 104135.
5, 59, 353
What are the prime factors of 638533?
7, 19, 4801
List the prime factors of 1270895.
5, 254179
List the prime factors of 9369704.
2, 83, 103, 137
What are the prime factors of 1748350?
2, 5, 73, 479
List the prime factors of 2212796.
2, 227, 2437
What are the prime factors of 281642?
2, 53, 2657
List the prime factors of 166952.
2, 41, 509
List the prime factors of 6972558.
2, 3, 1162093
What are the prime factors of 1519968?
2, 3, 71, 223
List the prime factors of 1808005.
5, 29, 37, 337
List the prime factors of 223686.
2, 3, 17, 43
List the prime factors of 1622670.
2, 3, 5, 7, 7727
What are the prime factors of 368018?
2, 7, 97, 271
What are the prime factors of 30625860?
2, 3, 5, 467, 1093
List the prime factors of 145671.
3, 59, 823
What are the prime factors of 1325416?
2, 29, 197
List the prime factors of 5140433.
701, 7333
What are the prime factors of 59542?
2, 7, 4253
What are the prime factors of 8288094?
2, 3, 1381349
List the prime factors of 3323129.
3323129
List the prime factors of 6166071.
3, 43, 47, 113
What are the prime factors of 438951?
3, 146317
List the prime factors of 207379.
29, 7151
List the prime factors of 3891431.
3891431
List the prime factors of 20688910.
2, 5, 11, 19, 521
List the prime factors of 2618966.
2, 7, 187069
What are the prime factors of 24380897?
23, 1060039
List the prime factors of 1585302.
2, 3, 37, 193
List the prime factors of 219861.
3, 17, 479
What are the prime factors of 12482685?
3, 5, 43, 6451
What are the prime factors of 1690150?
2, 5, 7, 11, 439
List the prime factors of 3602887.
53, 67979
List the prime factors of 2500279.
521, 4799
List the prime factors of 8377089.
3, 7, 1163
What are the prime factors of 1276958?
2, 761, 839
What are the prime factors of 87561?
3, 23, 47
What are the prime factors of 209074?
2, 104537
List the prime factors of 6971429.
37, 188417
List the prime factors of 462398.
2, 41, 5639
List the prime factors of 4287624.
2, 3, 11, 109, 149
List the prime factors of 7010544.
2, 3, 19, 7687
List the prime factors of 4642520.
2, 5, 277, 419
List the prime factors of 670075.
5, 7, 547
What are the prime factors of 5954714?
2, 19, 156703
What are the prime factors of 1164491?
19, 167, 367
What are the prime factors of 660778?
2, 330389
List the prime factors of 829589.
317, 2617
List the prime factors of 1938985.
5, 37, 47, 223
What are the prime factors of 10191937?
7, 1455991
What are the prime factors of 1677687?
3, 11, 50839
What are the prime factors of 106685?
5, 19, 1123
What are the p